
True
Is 261387463 a prime number?
False
Is 4895586539 a composite number?
False
Is 6477167353 prime?
False
Is 30650772413 composite?
False
Is 4185604991 composite?
False
Is 6323412779 composite?
False
Is 1827527411 composite?
True
Is 214569353 prime?
True
Is 5245894777 composite?
True
Is 24772426489 a prime number?
True
Is 245523034235 a prime number?
False
Is 6642622759 composite?
True
Is 534776533 prime?
True
Is 2060858263 a composite number?
False
Is 1143286873 a prime number?
False
Is 28305511607 composite?
False
Is 37876301993 prime?
True
Is 902082499 a composite number?
True
Is 22649672741 a composite number?
True
Is 62681478929 composite?
False
Is 7673240901 a composite number?
True
Is 114595543501 a composite number?
False
Is 139552370273 composite?
False
Is 528787887 composite?
True
Is 365582489 a prime number?
True
Is 4664671591 a prime number?
False
Is 57844067779 a composite number?
True
Is 459396101 prime?
False
Is 2885254013 prime?
True
Is 689754673 prime?
True
Is 50756843063 prime?
True
Is 13180049791 a composite number?
True
Is 12515422219 composite?
True
Is 10020843623 composite?
True
Is 1310336371 a prime number?
False
Is 113370779113 composite?
False
Is 197387111 a composite number?
False
Is 788402453 prime?
True
Is 493624555 composite?
True
Is 318980017 a prime number?
False
Is 870929209 composite?
True
Is 270378331 a prime number?
True
Is 285110711 prime?
False
Is 1365743602 prime?
False
Is 14346278959 a prime number?
True
Is 120319283989 composite?
False
Is 52354792229 a prime number?
True
Is 9679058759 composite?
False
Is 2889118238 composite?
True
Is 194668921 a composite number?
True
Is 37617081701 prime?
True
Is 174367111 a prime number?
False
Is 3597415753 a composite number?
False
Is 3109953173 prime?
False
Is 10128465407 prime?
False
Is 440673439 composite?
True
Is 927091405 a prime number?
False
Is 138878110673 a composite number?
False
Is 1764549251 composite?
False
Is 4211523493 a composite number?
False
Is 2756114057 composite?
True
Is 1705399211 a prime number?
True
Is 3624110147 a prime number?
False
Is 1021633282 a composite number?
True
Is 2106992983 a prime number?
True
Is 9072080581 a composite number?
True
Is 7594739989 a composite number?
True
Is 12667321637 a prime number?
True
Is 272146027657 prime?
False
Is 13569477283 a composite number?
False
Is 2933018611 a composite number?
False
Is 36538455245 composite?
True
Is 57131861 prime?
False
Is 1572147061 a composite number?
True
Is 41058458479 prime?
False
Is 3428610181 prime?
False
Is 2043308123 a composite number?
False
Is 14003296847 prime?
True
Is 4699369877 prime?
False
Is 115926810449 a prime number?
True
Is 5296913 prime?
False
Is 43640239 a prime number?
True
Is 343693921 a prime number?
False
Is 1237038161 a composite number?
False
Is 21788369969 prime?
True
Is 4440993637 composite?
True
Is 23692617361 composite?
True
Is 26729575463 composite?
False
Is 41145479503 composite?
False
Is 107208187 a composite number?
True
Is 1918257181 prime?
True
Is 81749753231 a prime number?
False
Is 130987403921 composite?
True
Is 207474703 composite?
True
Is 6602248447 prime?
False
Is 285338579 composite?
False
Is 2310048541 a prime number?
False
Is 13609003367 a prime number?
False
Is 2161318039 composite?
True
Is 3841373671 a composite number?
False
Is 2242532047 prime?
False
Is 28522074701 prime?
True
Is 715917557 a prime number?
True
Is 17216506717 a composite number?
False
Is 96938832387 a prime number?
False
Is 16848373 composite?
False
Is 4389267931 a composite number?
True
Is 4207370201 a prime number?
True
Is 1510460227 composite?
False
Is 11836262717 composite?
True
Is 10548876433 a prime number?
True
Is 6470569613 a prime number?
False
Is 382927249 prime?
False
Is 140308761917 composite?
False
Is 101013547 composite?
False
Is 266491123 prime?
False
Is 8498665501 composite?
False
Is 16433014211 prime?
False
Is 1412357935 a composite number?
True
Is 60831704523 composite?
True
Is 4751376283 a prime number?
True
Is 759816667 composite?
False
Is 6818663065 a prime number?
False
Is 6650168071 composite?
False
Is 419981693 composite?
False
Is 2419852478 composite?
True
Is 7833888893 a prime number?
True
Is 205288441231 composite?
True
Is 134344714363 prime?
False
Is 1333020503 a composite number?
False
Is 76218056063 a prime number?
True
Is 2112211807 a prime number?
True
Is 5005952893 composite?
True
Is 420267943 prime?
False
Is 96691531213 a composite number?
True
Is 2129416565 a prime number?
False
Is 976866791 composite?
False
Is 77405475559 composite?
False
Is 123082986171 a composite number?
True
Is 3660187771 a composite number?
True
Is 6212533 a composite number?
False
Is 45350570921 prime?
False
Is 11262044569 prime?
True
Is 4310041454 composite?
True
Is 185770727 prime?
True
Is 4892502689 prime?
True
Is 34029638717 a composite number?
True
Is 38885656259 composite?
True
Is 29109140381 prime?
True
Is 17400447877 composite?
False
Is 54243703 prime?
True
Is 45015229 a composite number?
True
Is 1829769989 composite?
False
Is 15900840953 composite?
True
Is 3871176235 a prime number?
False
Is 82369603247 a prime number?
False
Is 5663521135 composite?
True
Is 38556025411 prime?
False
Is 48952805261 composite?
True
Is 3780475801 composite?
False
Is 3425300057 a composite number?
True
Is 115102051 a composite number?
True
Is 908186153 a composite number?
True
Is 3245988191 prime?
False
Is 12894220763 a composite number?
False
Is 56023339477 composite?
True
Is 3478946299 prime?
False
Is 138173852689 a prime number?
True
Is 48543949 prime?
True
Is 1979026531 composite?
False
Is 1503121253 a composite number?
True
Is 1645681601 prime?
False
Is 53934799783 a prime number?
True
Is 108278496133 composite?
True
Is 2280657403 a prime number?
False
Is 37075839301 composite?
False
Is 2905978223 a composite number?
True
Is 45280509563 a prime number?
True
Is 1702191263 a composite number?
True
Is 13777491953 composite?
False
Is 660006859 prime?
True
Is 453265367 composite?
True
Is 6932850931 composite?
True
Is 4044758519 a prime number?
True
Is 53703266809 prime?
False
Is 24391115087 a composite number?
False
Is 2347900193 a composite number?
False
Is 33365929 a composite number?
True
Is 5088494993 composite?
True
Is 6962936837 prime?
True
Is 830612227 composite?
True
Is 56944694269 a prime number?
True
Is 2881429193 a prime number?
True
Is 168128906039 prime?
False
Is 6112367057 prime?
False
Is 2886674045 composite?
True
Is 2309710573 composite?
False
Is 10642969027 a composite number?
True
Is 18699285433 a prime number?
True
Is 1611088363 prime?
True
Is 821792599 a composite number?
True
Is 50958529291 prime?
True
Is 60982774361 a prime number?
False
Is 15918142649 composite?
False
Is 10880124727 a prime number?
False
Is 1234472213 a prime number?
False
Is 50094115873 prime?
True
Is 2381822419 a composite number?
False
Is 6238808939 composite?
True
Is 7443771733 prime?
True
Is 969429499 composite?
True
Is 687044143 a prime number?
False
Is 333334564691 a composite number?
False
Is 1686047983 a prime number?
False
Is 1156365311 a prime number?
False
Is 1303452547 prime?
True
Is 125189017 a prime number?
True
Is 40134419999 composite?
True
Is 253321193 prime?
True
Is 5242857533 composite?
True
Is 36621600091 composite?
False
Is 407838523 composite?
False
Is 9211353017 a composite number?
False
Is 385025521 prime?
False
Is 5217251561 a prime number?
False
Is 4825721389 prime?
True
Is 27641649233 prime?
False
Is 3213635779 a composite number?
False
Is 137081860599 composite?
True
Is 24219969941 a composite number?
False
Is 1102331147 a composite number?
True
Is 5352294527 a prime number?
True
Is 78025111 composite?
True
Is 59311311163 prime?
False
Is 3090437437 a prime number?
True
Is 1410541087 a prime number?
True
Is 481140851 a composite number?
True
Is 1497047837 prime?
False
Is 13816812283 a composite number?
True
Is 1153166459 composite?
False
Is 14232196343 a prime number?
False
Is 6997604167 a composite number?
True
Is 1003616266 prime?
False
Is 662938607 composite?
False
Is 3079173827 a composite number?
True
Is 5949877891 a composite number?
True
Is 40642246831 composite?
False
Is 20694731387 a composite number?
True
Is 36468058931 a prime number?
Tr